-4)/(-12)*18/t. Let p(z) = z**3 - 2*z**2 - 2*z. What is p(x)?
-12
Let k(f) = -6*f**2 + 13*f - 3 + 5*f**2 - 12*f. Let g(x) = x - 16 + 2*x + x - 5*x**2. Let s(z) = 2*g(z) - 11*k(z). Calculate s(3).
1
Let a(v) = v + 1. Let x be 1/(232/230 + -1). Suppose -2*y + 3*m - x = 3*y, 2*y + 15 = -5*m. Let d be (-24)/10 + y/(-50). What is a(d)?
-1
Let g(b) = -b**3 - 5*b**2 + 7*b + 4. Suppose 3*d - 114 = d. Let a = d + -27. Let r be a/105 - 44/7. Calculate g(r).
-2
Let g(i) = -i**3 - 2*i**2 - i - 1. Let j(o) = 2*o**3 + 15*o**2 + 4*o - 2. Let s(l) = -3*g(l) - j(l). What is s(9)?
-4
Let p be (-1)/2 + (-10)/4. Let n(i) = 6*i**2 + 1. Let w(m) = -5*m**2 - m - 1. Let o be 2*(-3 + (4 - -1)). Let r(t) = o*w(t) + 3*n(t). What is r(p)?
-7
Suppose 0 = 17*a + 151 - 15. Let n(t) = t**3 + 8*t**2 + 14. Determine n(a).
14
Suppose -4*j + c + c + 66 = 0, -3*j + 53 = -5*c. Suppose 0 + j = 2*r. Let t(m) = r - 23*m + m**3 - 2 + 4*m**2 + 20*m. Determine t(-5).
-4
Let i(m) = -m**3 + 2*m**2 + 1 + 7 + 7*m - 7*m**2. Suppose 1092 = -15*j + 2847. Let u = j - 123. What is i(u)?
2
Let p(l) = 74*l**2 + 2*l - 72*l**2 + 2 + 0 - 1. What is p(-1)?
1
Let w(r) be the second derivative of -r**4/12 + 2*r**3/3 + r**2/2 - 5*r. Let p(j) = 2*j - 15. Let i be p(10). Let d = i - 2. Give w(d).
4
Let i(w) be the second derivative of -w**3/6 + w**2 + 12*w. Determine i(8).
-6
Let u(s) = -4*s + 1. Suppose 5*c + 3*q = 1, 2*c + 2*q + 3 - 1 = 0. Suppose 2*x + 2 = c*b, -2*x = -0*x - 4*b. Give u(x).
9
Let o = 1108 - 1108. Let i(u) = 2*u**2 + 3*u + 9. Let z(t) = -3*t**2 - 4*t - 13. Let c(r) = 7*i(r) + 5*z(r). What is c(o)?
-2
Suppose -2*g = 2*g - 12. Suppose -g*x + 2*d - 9 = 0, -3*d + 3 = -x - 5*d. Let f(v) = -v + 3. Give f(x).
6
Suppose 9*q = 4*q + 5. Let i(l) = 2*l + 6 - 4*l - q. What is i(4)?
-3
Let n(g) = -5*g - 20. Let i(x) = 11*x + 41. Let k = -20 - -16. Let t(l) = k*i(l) - 9*n(l). Let p = -47 + 47. Determine t(p).
16
Let t(l) = -l**2 - 6*l + 1. Let f = -3 - -21. Let r(z) = z**2 + z + 1. Let d be r(-4). Let q = d - f. Calculate t(q).
6
Let n(r) = -r + 3. Let f(v) = 2*v**2 - 10*v + 4. Let z be f(5). Suppose -5*k - 6 + 1 = -4*c, 1 = -z*c - k. Calculate n(c).
3
Let c(y) = 7*y + 10. Let g(o) = -3*o - 5. Let w(t) = 2*c(t) + 5*g(t). Suppose 3*i + 22 - 23 = 2*m, -3*m + i - 12 = 0. Calculate w(m).
0
Let x(y) = 6 - 4 + y + 1 - 2. Suppose -4*u - 2 = -3*u. Calculate x(u).
-1
Suppose 0*x - 4*x - 12 = 0. Let p be (20/4)/(x/(-12)). Let y = 16 - p. Let z(m) = -2*m - 4. What is z(y)?
4
Let r(w) = -26*w - 25. Let s(f) = -9*f - 9. Let t(v) = -6*r(v) + 17*s(v). What is t(-6)?
-21
Let s(r) = -r**3 - 2*r**2 + r + 2. Suppose 2*w - u - 3 = 0, w = 2*u - 0*u. Suppose -5*l = w*l + 14. Calculate s(l).
0
Let b(w) = w**3 - 6*w**2 - 6*w - 9. Let y be 15/3*(-1 + 4 - 2). Suppose -x + 2*v = -y, 6*v + 2 = x + v. Calculate b(x).
-2
Let p = 19 + -14. Suppose -z - z + 36 = 0. Suppose h + z = -h + 5*t, -p*h + 4*t = 11. Let f(y) = 11*y - 1. Give f(h).
10
Let d(t) = -t**2 + 2*t + 1. Let s(f) = f + 4*f**2 + 66 - 65 - 7*f. Let b(u) = 2*d(u) + s(u). Give b(2).
7
Let s be (4/(1/(-1)))/2. Let g(c) = 20*c. Let u(z) = -53*z + 1. Let o(m) = 3*g(m) + u(m). What is o(s)?
-13
Let f = 29 + -29. Let d(s) = 4*s + f*s - 3*s + 0 - 1. What is d(-6)?
-7
Let k(r) = 3*r - 7. Let l(b) = 16*b - 34. Let x(p) = 11*k(p) - 2*l(p). Let n = 4 + 1. What is x(n)?
-4
Suppose -2*m = m - 4*t - 21, -2*m + 14 = 5*t. Let s(o) = o**2 - 8*o + 7. Give s(m).
0
Let q(u) be the first derivative of -u**7/840 + u**6/360 + u**5/120 - u**4/8 + u**3 - 11. Let h(o) be the third derivative of q(o). Determine h(0).
-3
Let p(y) be the third derivative of y**4/24 + 16*y**2. Calculate p(-4).
-4
Let b(p) be the third derivative of 1/24*p**4 + 0*p**3 + 5*p**2 + 0 + 0*p. Let u(a) = -a**3 + 6*a**2 - 4*a. Let i be u(5). Give b(i).
5
Let j be (-4)/14 - (-8)/28. Let z(y) = j - y + 2*y + 1. Suppose -4*d - d = 0, -4*x - 3*d - 1 = -3*x. Give z(x).
0
Let w = 43 + -7. Let s = w + -39. Let t(q) = 5*q + 4. Determine t(s).
-11
Let a(s) = s**2 - s - 1. Let o(k) = 140*k - 142*k - 1 - 4 + 8*k**2. Let x(r) = -5*a(r) + o(r). Let z be 4/(-3) - 4/6. Give x(z).
6
Let w be -1 + 2 + (-6 - -2). Let a(o) = 0*o**2 + 2*o**2 - 3*o**2 - 1 + 4*o + 2*o**2. What is a(w)?
-4
Let j(w) = -106*w - 4 + 2 + 8 + 129*w. What is j(-3)?
-63
Let p(i) = i**3 + i**2 - 4*i + 4. Suppose 10*b - 40 = -10*b. Calculate p(b).
8
Let i be 3*1/12 + 14/8. Let u(m) = -2 - 5*m**3 + m + 2*m**i + 2 + m**3. Give u(-1).
5
Let q(b) = 2*b**2 - 30*b + 66. Let r be q(12). Let d(n) = n**2 + 13*n - 11. Determine d(r).
-53
Let y(o) be the second derivative of -o**3/6 + o**2 - 11*o. Let w be (-3 - (-4)/1)*7. Suppose -2*g + w = 1. Give y(g).
-1
Let a(b) = -3*b**2 - 1697*b + 0*b**3 + 3*b**3 - 2*b**3 + 1692*b + 0*b**2. Calculate a(4).
-4
Let p(t) = -2*t - 5. Let f = 415 - 418. What is p(f)?
1
Let l(i) = -i + 3*i + 3*i + 3. Let a(f) = f**3 + 3*f**2 - 8*f + 7. Let h be a(-5). What is l(h)?
-12
Suppose -4*q = -3*q - 2. Let f(w) = -2*w - 2*w**2 - w**3 - q + 10*w - 6*w. Let r be ((-1)/(-2))/((-4)/24). Calculate f(r).
1
Let j(l) = 3*l + l**3 + 36 - 5*l - 34 + l. Calculate j(0).
2
Let m(q) = q**3 + 3*q**2 + 3*q + 5. Suppose -3*y + 12 - 30 = 3*u, 0 = -5*y + 5*u - 10. Give m(y).
-23
Let k(l) = 32*l + 34. Let m(t) = -3*t - 1. Let g(b) = k(b) + 10*m(b). Give g(-11).
2
Let k(x) = 5*x - 1. Let w be 10 + -1*(4 - 3). Let i be ((-3)/(36/(-4)))/(1/w). Determine k(i).
14
Suppose 5*v + 5*t = -19 - 11, -3*v - 5*t = 20. Let w(o) = o**3 + 5*o**2 + o + 2. Determine w(v).
-3
Let l(z) = -2*z**3 - 6*z**3 - 3 - 3*z + 4*z**2 + 3*z**3 + z**2 + 3*z**3. Give l(3).
-21
Let d(q) be the third derivative of -q**7/5040 + 7*q**6/720 + q**5/30 + 14*q**2. Let w(c) be the third derivative of d(c). What is w(6)?
1
Let y be (-4 + 2 - -8)*-3. Suppose -n + 6*n - 60 = -5*h, 0 = -3*n + 3*h + 54. Let u = y + n. Let g(d) = 2*d**2 + 4*d - 1. Give g(u).
5
Let h(b) = -30*b + 35*b + 106 - 106. Determine h(-1).
-5
Let x be 4/18 + (-34)/(-9). Let d(i) = 4*i**2 - 8*i - 3. Let l(p) = -5*p**2 + 9*p + 4. Let m(j) = x*d(j) + 3*l(j). Let o = 14013 - 14010. Give m(o).
-6
Let m(o) = -7*o - 12*o + 29*o - 6*o - 4 + 0. What is m(4)?
12
Let q(p) be the third derivative of -p**4/6 + 22*p**3/3 + 4*p**2 + 12. Determine q(11).
0
Let a(t) = -8*t**2 - 10*t - 3. Let s(f) = 2*f**2 + f + 1. Let m(y) = a(y) + 5*s(y). Suppose 5*p - 3*p + 3*i = 9, 2*i + 7 = 3*p. What is m(p)?
5
Suppose -3*u = -u - 62. Let d(g) = -1 - 29*g**3 + 2*g + u*g**3 - g**2 - g**2. Give d(2).
11
Let n = -1616 - -1619. Let t(w) be the first derivative of 1/2*w**2 - 6 - n*w. Determine t(4).
1
Let c(x) = -2*x. Let h(l) = l**2 + 7*l + 2. Let a(g) = 3*g**2 + 20*g + 7. Let b(n) = -2*a(n) + 7*h(n). Let f be b(-9). Suppose f = -2*o + 5*o - 9. Give c(o).
-6
Let t(d) = -d**2 - 5*d + 9. Suppose 83*m - 82*m = -5. Let n be t(m). Let x(y) = -y**3 + 8*y**2 + 8*y + 10. Calculate x(n).
1
Suppose 2*m - 3*x + 1 = 0, 0*x - 5*x - 25 = 2*m. Let d(l) be the first derivative of l**2/2 + 11*l - 59. What is d(m)?
6
Let t(c) = -c**2 - 22. Suppose f - 15 = 4*l + l, -5*l = 3*f + 15. Give t(f).
-22
Suppose 0 = -4*q + 4, -5*p + 0*q + 70 = -5*q. Let x(o) = o - 15. Determine x(p).
0
Let i(n) = n**2 - 4*n + 5. Let s be i(2). Suppose -2*o = -3*o, 5*o - s = -l. Let y(k) = -3*k**3 + 2*k**2 - 2*k + 1. Calculate y(l).
-2
Let a(s) = 63*s - 179*s + 62*s - 1 - 2 + 60*s. Calculate a(-2).
-15
Suppose 1 = -3*w - 26. Let v = -13 - w. Let p(y) = 146*y**2 + 0 - 1 + 5*y - 145*y**2. Calculate p(v).
-5
Let q(j) be the third derivative of -j**8/6720 - j**7/1680 - j**6/240 + 13*j**5/20 + 18*j**2. Let g(w) be the third derivative of q(w). Determine g(-2).
-9
Let p(n) = -2*n**2 + 5*n - 3. Suppose i + 3 = 0, -i + 4*i + 13 = 2*d. Let x be (d/(-4))/((-5)/(-270)). Let r = -24 - x. Calculate p(r).
-6
Let n(r) be the second derivative of -r**6/120 - r**5/30 - r**4/12 + 7*r**3/6 + 20*r. Let c(u) be the second derivative of n(u). Calculate c(-3).
-17
Let q(x) = x**2 - 3*x - 4. Let p be q(-4). Suppose 0 = b - 1 - p. Let n = b + -25. Let m(v) = -v + 8. Give m(n).
8
Let v be (-95)/(-15) + (-2)/(-3). Let m(j) = -9 + 0 + v + 0 - j. Determine m(-5).
3
Let q(a) = -a**2 - 5*a + 8. Let y be q(-6). Let v = -41 + 43. Let i(b) = 4 - 8 - v*b + 2 + b**y. What is i(2)?
-2
Suppose -9*d = -6*d + 4*k - 43, -2*d = -3*k - 6. Let a(o) = -2*o + 18. Deter